{"id":93,"date":"2019-08-19T23:07:33","date_gmt":"2019-08-19T21:07:33","guid":{"rendered":"http:\/\/www.silviolizza.it\/gestioni-immobiliari\/?page_id=93"},"modified":"2019-08-20T19:43:22","modified_gmt":"2019-08-20T17:43:22","slug":"servizi-per-enti-locali","status":"publish","type":"page","link":"http:\/\/www.silviolizza.it\/gestioni-immobiliari\/servizi-per-enti-locali\/","title":{"rendered":"Servizi per gli Enti Locali"},"content":{"rendered":"<p>[et_pb_section fb_built=&#8221;1&#8243; _builder_version=&#8221;3.22.3&#8243;][et_pb_row _builder_version=&#8221;3.23.3&#8243;][et_pb_column type=&#8221;4_4&#8243; _builder_version=&#8221;3.23.3&#8243;][et_pb_image src=&#8221;http:\/\/www.silviolizza.it\/gestioni-immobiliari\/wp-content\/uploads\/2019\/08\/gestionelocazioni.jpg&#8221; _builder_version=&#8221;3.23.3&#8243;][\/et_pb_image][\/et_pb_column][\/et_pb_row][et_pb_row _builder_version=&#8221;3.22.3&#8243; background_size=&#8221;initial&#8221; background_position=&#8221;top_left&#8221; background_repeat=&#8221;repeat&#8221;][et_pb_column type=&#8221;4_4&#8243; _builder_version=&#8221;3.0.47&#8243;][et_pb_code _builder_version=&#8221;3.23.3&#8243;]<\/p>\n<h2 style='color:#aa3333;font-weight:600;'><!-- [et_pb_line_break_holder] -->Inventario beni immobili<!-- [et_pb_line_break_holder] --><\/h2>\n<p><!-- [et_pb_line_break_holder] --><br \/><!-- [et_pb_line_break_holder] -->\t<\/p>\n<h5 style='line-height:200%'><!-- [et_pb_line_break_holder] -->\u25aa\t  <b>ELABORAZIONE MODULI INFORMATICI<\/b>\u00a0&#8211; Excel\/Schede ed eventuale caricamento in database su infrastruttura informatica qualora disponibile<!-- [et_pb_line_break_holder] --><br \/>\u25aa\t  <b>ACQUISIZIONE<\/b>\u00a0&#8211; Dati significativi parametrici dei cespiti;<!-- [et_pb_line_break_holder] --><br \/>\u25aa\t  <b>CODIFICA CESPITI<\/b> &#8211; Assegnazione codice alfanumerico ai cespiti;<!-- [et_pb_line_break_holder] --><br \/>\u25aa\t  <b>CENSIMENTO CESPITI<\/b> &#8211; Rilievo e restituzione grafica in dwg\u00a0;<!-- [et_pb_line_break_holder] --><br \/>\u25aa\t  <b>DUE DILIGENCE<\/b> &#8211; Ricognizione documentazione esistente, eventuale ricerca di quella mancante presso gli uffici preposti, associazione della documentazione ai cespiti censiti, attivit\u00e0 di regolarizzazione tecnica e formale;<!-- [et_pb_line_break_holder] --><br \/>\u25aa\t  <b>DISMISSIONI<\/b>  &#8211; Preparazione\/Redazione  fascicolo  per rogito notarile e relativa assistenza in sede di stipula; <!-- [et_pb_line_break_holder] -->  <\/h5>\n<p><!-- [et_pb_line_break_holder] --><\/p>\n<hr\/>\n<p><!-- [et_pb_line_break_holder] --><\/p>\n<h2 style='color:#aa3333;font-weight:600;'><!-- [et_pb_line_break_holder] -->Gestione locazioni<!-- [et_pb_line_break_holder] --><\/h2>\n<p><!-- [et_pb_line_break_holder] --><br \/><!-- [et_pb_line_break_holder] -->\t<\/p>\n<h5 style='line-height:200%'><!-- [et_pb_line_break_holder] -->    \u25aa\t  <b>STIPULA\u00a0CONTRATTI<\/b> di locazione e relativa registrazione presso l&#8217;Agenzia delle Entrate;<!-- [et_pb_line_break_holder] --><br \/>\u25aa\t  <b>EMISSIONE BOLLETTE<\/b>\u00a0per i canoni di locazione;<!-- [et_pb_line_break_holder] --><br \/>\u25aa\t  <b>RISCOSSIONE CANONI<\/b> per le locazioni;<!-- [et_pb_line_break_holder] --><br \/>\u25aa\t  <b>RICHIESTA DOCUMENTAZIONE<\/b> reddituale per determinazione canone locativo;<!-- [et_pb_line_break_holder] --><br \/>\u25aa\t  <b>RICEZIONE UTENZA<\/b>;<!-- [et_pb_line_break_holder] --><br \/>\u25aa\t  <b>PAGAMENTO IMPOSTE<\/b><!-- [et_pb_line_break_holder] -->[\/et_pb_code][\/et_pb_column][\/et_pb_row][\/et_pb_section][et_pb_section fb_built=&#8221;1&#8243; fullwidth=&#8221;on&#8221; _builder_version=&#8221;3.22.3&#8243; background_color=&#8221;#f7f7f7&#8243;][\/et_pb_section][et_pb_section fb_built=&#8221;1&#8243; _builder_version=&#8221;3.22.3&#8243;][et_pb_row _builder_version=&#8221;3.22.3&#8243; background_size=&#8221;initial&#8221; background_position=&#8221;top_left&#8221; background_repeat=&#8221;repeat&#8221;][et_pb_column type=&#8221;4_4&#8243; _builder_version=&#8221;3.0.47&#8243;][et_pb_text _builder_version=&#8221;3.23.3&#8243;]<\/p>\n<h2>Inviami un messaggio&#8230;<\/h2>\n<h4>&#8230;senza alcun impegno, per il piacere di conoscerci e confrontarci. Ti ricontatter\u00f2 appena possibile.<\/h4>\n\n<div class=\"wpcf7 no-js\" id=\"wpcf7-f71-o1\" lang=\"it-IT\" dir=\"ltr\">\n<div class=\"screen-reader-response\"><p role=\"status\" aria-live=\"polite\" aria-atomic=\"true\"><\/p> <ul><\/ul><\/div>\n<form action=\"\/gestioni-immobiliari\/wp-json\/wp\/v2\/pages\/93#wpcf7-f71-o1\" method=\"post\" class=\"wpcf7-form init\" aria-label=\"Modulo di contatto\" novalidate=\"novalidate\" data-status=\"init\">\n<div style=\"display: none;\">\n<input type=\"hidden\" name=\"_wpcf7\" value=\"71\" \/>\n<input type=\"hidden\" name=\"_wpcf7_version\" value=\"5.8\" \/>\n<input type=\"hidden\" name=\"_wpcf7_locale\" value=\"it_IT\" \/>\n<input type=\"hidden\" name=\"_wpcf7_unit_tag\" value=\"wpcf7-f71-o1\" \/>\n<input type=\"hidden\" name=\"_wpcf7_container_post\" value=\"0\" \/>\n<input type=\"hidden\" name=\"_wpcf7_posted_data_hash\" value=\"\" \/>\n<\/div>\n<p><label> Come ti chiami? *<br \/>\n<span class=\"wpcf7-form-control-wrap\" data-name=\"your-name\"><input size=\"40\" class=\"wpcf7-form-control wpcf7-text wpcf7-validates-as-required\" aria-required=\"true\" aria-invalid=\"false\" value=\"\" type=\"text\" name=\"your-name\" \/><\/span> <\/label>\n<\/p>\n<p><label> Qual \u00e8 tuo indirizzo e-mail? *<br \/>\n<span class=\"wpcf7-form-control-wrap\" data-name=\"your-email\"><input size=\"40\" class=\"wpcf7-form-control wpcf7-email wpcf7-validates-as-required wpcf7-text wpcf7-validates-as-email\" aria-required=\"true\" aria-invalid=\"false\" value=\"\" type=\"email\" name=\"your-email\" \/><\/span> <\/label>\n<\/p>\n<p><label> Vuoi indicare un recapito telefonico?<br \/>\n<span class=\"wpcf7-form-control-wrap\" data-name=\"tel-125\"><input size=\"40\" class=\"wpcf7-form-control wpcf7-tel wpcf7-text wpcf7-validates-as-tel\" aria-invalid=\"false\" value=\"\" type=\"tel\" name=\"tel-125\" \/><\/span> <\/label>\n<\/p>\n<p><label> A che proposito mi scrivi? *<br \/>\n<span class=\"wpcf7-form-control-wrap\" data-name=\"your-subject\"><input size=\"40\" class=\"wpcf7-form-control wpcf7-text wpcf7-validates-as-required\" aria-required=\"true\" aria-invalid=\"false\" value=\"\" type=\"text\" name=\"your-subject\" \/><\/span> <\/label>\n<\/p>\n<p><label> Vuoi anticiparmi qualche argomento? Scrivimelo qui.<br \/>\n<span class=\"wpcf7-form-control-wrap\" data-name=\"your-message\"><textarea cols=\"40\" rows=\"10\" class=\"wpcf7-form-control wpcf7-textarea\" aria-invalid=\"false\" name=\"your-message\"><\/textarea><\/span> <\/label>\n<\/p>\n<p><span class=\"wpcf7-form-control-wrap\" data-name=\"acceptance-405\"><span class=\"wpcf7-form-control wpcf7-acceptance\"><span class=\"wpcf7-list-item\"><label><input type=\"checkbox\" name=\"acceptance-405\" value=\"1\" aria-invalid=\"false\" \/><span class=\"wpcf7-list-item-label\">Dichiaro di aver letto l'informativa per il trattamento dei dati personali ed acconsento a che i miei dati personali vengano trattati ai sensi del Regolamento UE 2016\/679, noto come GDPR (General Data Protection Regulation).<\/span><\/label><\/span><\/span><\/span>\n<\/p>\n<center>\n\t<p><input class=\"wpcf7-form-control wpcf7-submit has-spinner\" type=\"submit\" value=\"INVIA\" \/>\n\t<\/p>\n<\/center>\n<p>I campi con * sono obbligatori\n<\/p><p style=\"display: none !important;\" class=\"akismet-fields-container\" data-prefix=\"_wpcf7_ak_\"><label>&#916;<textarea name=\"_wpcf7_ak_hp_textarea\" cols=\"45\" rows=\"8\" maxlength=\"100\"><\/textarea><\/label><input type=\"hidden\" id=\"ak_js_1\" name=\"_wpcf7_ak_js\" value=\"239\"\/><script>document.getElementById( \"ak_js_1\" ).setAttribute( \"value\", ( new Date() ).getTime() );<\/script><\/p><div class=\"wpcf7-response-output\" aria-hidden=\"true\"><\/div>\n<\/form>\n<\/div>\n\n<p>[\/et_pb_text][\/et_pb_column][\/et_pb_row][\/et_pb_section]<\/p>\n","protected":false},"excerpt":{"rendered":"<p>[et_pb_section fb_built=&#8221;1&#8243; _builder_version=&#8221;3.22.3&#8243;][et_pb_row _builder_version=&#8221;3.23.3&#8243;][et_pb_column type=&#8221;4_4&#8243; _builder_version=&#8221;3.23.3&#8243;][et_pb_image src=&#8221;http:\/\/www.silviolizza.it\/gestioni-immobiliari\/wp-content\/uploads\/2019\/08\/gestionelocazioni.jpg&#8221; _builder_version=&#8221;3.23.3&#8243;][\/et_pb_image][\/et_pb_column][\/et_pb_row][et_pb_row _builder_version=&#8221;3.22.3&#8243; background_size=&#8221;initial&#8221; background_position=&#8221;top_left&#8221; background_repeat=&#8221;repeat&#8221;][et_pb_column type=&#8221;4_4&#8243; _builder_version=&#8221;3.0.47&#8243;][et_pb_code _builder_version=&#8221;3.23.3&#8243;] Inventario beni immobili \u25aa ELABORAZIONE MODULI INFORMATICI\u00a0&#8211; Excel\/Schede ed eventuale caricamento in database su infrastruttura informatica qualora disponibile\u25aa ACQUISIZIONE\u00a0&#8211; Dati significativi parametrici dei cespiti;\u25aa CODIFICA CESPITI &#8211; Assegnazione codice alfanumerico ai cespiti;\u25aa CENSIMENTO CESPITI &#8211; Rilievo e restituzione grafica in [&hellip;]<\/p>\n","protected":false},"author":1,"featured_media":0,"parent":0,"menu_order":3,"comment_status":"closed","ping_status":"closed","template":"","meta":{"_et_pb_use_builder":"on","_et_pb_old_content":"<!-- wp:paragraph -->\n<p>Questa \u00e8 una pagina di esempio. Differisce da un articolo di un blog perch\u00e9 rimane sempre allo stesso posto e (in molti temi) appare nel menu di navigazione. Molte persone iniziano con una pagina di Informazioni che li presentano ai visitatori del sito. Potrebbe apparire una presentazione del tipo:<\/p>\n<!-- \/wp:paragraph -->\n\n<!-- wp:quote -->\n<blockquote class=\"wp-block-quote\"><p>Ciao! Sono un fattorino ciclista di giorno, aspirante attore di notte e questo \u00e8 il mio sito web. Vivo a Los Angeles, ho un grande cane di nome Jack e mi piace la pi\u00f1a colada. (E prendere la pioggia)<\/p><\/blockquote>\n<!-- \/wp:quote -->\n\n<!-- wp:paragraph -->\n<p>...o qualcosa di simile:<\/p>\n<!-- \/wp:paragraph -->\n\n<!-- wp:quote -->\n<blockquote class=\"wp-block-quote\"><p>La Societ\u00e0 XYZ Aggeggi \u00e8 stata fondata nel 1971 e da allora fornisce al pubblico aggeggi di ottima qualit\u00e0. Situata a Fantasilandia, XYZ impiega oltre 2.000 persone e realizza ogni sorta di aggeggio fantastico per la comunit\u00e0 di Fantasilandia.<\/p><\/blockquote>\n<!-- \/wp:quote -->\n\n<!-- wp:paragraph -->\n<p>Come nuovo utente di WordPress, dovresti andare nella tua <a href=\"http:\/\/www.silviolizza.it\/gestioni-immobiliari\/wp-admin\/\">Bacheca<\/a> per eliminare questa pagina, e crearne delle nuove per i tuoi contenuti. Divertiti!<\/p>\n<!-- \/wp:paragraph -->","footnotes":""},"_links":{"self":[{"href":"http:\/\/www.silviolizza.it\/gestioni-immobiliari\/wp-json\/wp\/v2\/pages\/93"}],"collection":[{"href":"http:\/\/www.silviolizza.it\/gestioni-immobiliari\/wp-json\/wp\/v2\/pages"}],"about":[{"href":"http:\/\/www.silviolizza.it\/gestioni-immobiliari\/wp-json\/wp\/v2\/types\/page"}],"author":[{"embeddable":true,"href":"http:\/\/www.silviolizza.it\/gestioni-immobiliari\/wp-json\/wp\/v2\/users\/1"}],"replies":[{"embeddable":true,"href":"http:\/\/www.silviolizza.it\/gestioni-immobiliari\/wp-json\/wp\/v2\/comments?post=93"}],"version-history":[{"count":3,"href":"http:\/\/www.silviolizza.it\/gestioni-immobiliari\/wp-json\/wp\/v2\/pages\/93\/revisions"}],"predecessor-version":[{"id":133,"href":"http:\/\/www.silviolizza.it\/gestioni-immobiliari\/wp-json\/wp\/v2\/pages\/93\/revisions\/133"}],"wp:attachment":[{"href":"http:\/\/www.silviolizza.it\/gestioni-immobiliari\/wp-json\/wp\/v2\/media?parent=93"}],"curies":[{"name":"wp","href":"https:\/\/api.w.org\/{rel}","templated":true}]}}